{"id":3158,"date":"2017-02-08T14:49:01","date_gmt":"2017-02-08T14:49:01","guid":{"rendered":"http:\/\/localhost\/MultiGestionHebert\/?page_id=3158"},"modified":"2017-05-08T12:34:49","modified_gmt":"2017-05-08T12:34:49","slug":"a-propos","status":"publish","type":"page","link":"\/?page_id=3158","title":{"rendered":"\u00c0 Propos"},"content":{"rendered":"<p>[vc_row][vc_column][vc_empty_space height=\u00a0\u00bb50px\u00a0\u00bb][\/vc_column][\/vc_row][vc_row][vc_column width=\u00a0\u00bb1\/2&Prime;][vc_column_text]Multi-Gestion H\u00e9bert et Fils Inc. est une entreprise \u00e9mergente dans le domaine de l\u2019immobilier locatif \u00e0 Qu\u00e9bec. \u00c9tant une entreprise familiale, nous g\u00e9rons tous nos immeubles avec fiert\u00e9 et attention.<\/p>\n<p>L\u2019entretien de nos immeubles est effectu\u00e9 par un personnel d\u00e9vou\u00e9, disponible en tout temps pour r\u00e9pondre \u00e0 vos besoins. Notre \u00e9quipe de gestion veille \u00e0 votre confort et s\u2019engage \u00e0 vous offrir le meilleur service.<\/p>\n<p>Nos appartements sont toujours situ\u00e9s \u00e0 proximit\u00e9 des \u00e9coles, des \u00e9piceries et du transport en commun.<\/p>\n<p>Contactez-nous d\u00e8s maintenant pour trouver l\u2019appartement que vous recherchez!<br \/>\n[\/vc_column_text][\/vc_column][vc_column width=\u00a0\u00bb1\/2&Prime;][vc_single_image image=\u00a0\u00bb3506&Prime; img_size=\u00a0\u00bbfull\u00a0\u00bb][vc_column_text]<\/p>\n<p style=\"text-align: right;\"><em style=\"font-size: 12px;\">&#8211; Mathieu H\u00e9bert, Vice-pr\u00e9sident &#8211;<\/em><\/p>\n<p>[\/vc_column_text][\/vc_column][\/vc_row][vc_row][vc_column][vc_btn title=\u00a0\u00bbContactez-nous directement \u00a0\u00bb style=\u00a0\u00bb3d\u00a0\u00bb color=\u00a0\u00bbprimary\u00a0\u00bb align=\u00a0\u00bbcenter\u00a0\u00bb link=\u00a0\u00bburl:%2F%3Fpage_id%3D1100|||\u00a0\u00bb][\/vc_column][\/vc_row]<\/p>\n","protected":false},"excerpt":{"rendered":"<p>[vc_row][vc_column][vc_empty_space height=\u00a0\u00bb50px\u00a0\u00bb][\/vc_column][\/vc_row][vc_row][vc_column width=\u00a0\u00bb1\/2&Prime;][vc_column_text]Multi-Gestion H\u00e9bert et Fils Inc. est une entreprise \u00e9mergente dans le domaine de l\u2019immobilier locatif \u00e0 Qu\u00e9bec. \u00c9tant une entreprise familiale, nous g\u00e9rons tous nos immeubles avec fiert\u00e9 et attention. L\u2019entretien de nos immeubles est effectu\u00e9 par un personnel d\u00e9vou\u00e9, disponible en tout temps pour r\u00e9pondre \u00e0 vos besoins. Notre \u00e9quipe de gestion [&hellip;]<\/p>\n","protected":false},"author":1,"featured_media":0,"parent":0,"menu_order":0,"comment_status":"closed","ping_status":"closed","template":"","meta":{"footnotes":""},"class_list":["post-3158","page","type-page","status-publish","hentry"],"yoast_head":"<!-- This site is optimized with the Yoast SEO plugin v19.6.1 - https:\/\/yoast.com\/wordpress\/plugins\/seo\/ -->\n<title>\u00c0 Propos - Multi-Gestion H\u00e9bert<\/title>\n<meta name=\"robots\" content=\"index, follow, max-snippet:-1, max-image-preview:large, max-video-preview:-1\" \/>\n<link rel=\"canonical\" href=\"\/?page_id=3158\" \/>\n<meta property=\"og:locale\" content=\"fr_CA\" \/>\n<meta property=\"og:type\" content=\"article\" \/>\n<meta property=\"og:title\" content=\"\u00c0 Propos - Multi-Gestion H\u00e9bert\" \/>\n<meta property=\"og:description\" content=\"[vc_row][vc_column][vc_empty_space height=\u00a0\u00bb50px\u00a0\u00bb][\/vc_column][\/vc_row][vc_row][vc_column width=\u00a0\u00bb1\/2&Prime;][vc_column_text]Multi-Gestion H\u00e9bert et Fils Inc. est une entreprise \u00e9mergente dans le domaine de l\u2019immobilier locatif \u00e0 Qu\u00e9bec. \u00c9tant une entreprise familiale, nous g\u00e9rons tous nos immeubles avec fiert\u00e9 et attention. L\u2019entretien de nos immeubles est effectu\u00e9 par un personnel d\u00e9vou\u00e9, disponible en tout temps pour r\u00e9pondre \u00e0 vos besoins. Notre \u00e9quipe de gestion [&hellip;]\" \/>\n<meta property=\"og:url\" content=\"\/?page_id=3158\" \/>\n<meta property=\"og:site_name\" content=\"Multi-Gestion H\u00e9bert\" \/>\n<meta property=\"article:modified_time\" content=\"2017-05-08T12:34:49+00:00\" \/>\n<meta name=\"twitter:card\" content=\"summary\" \/>\n<meta name=\"twitter:label1\" content=\"Estimation du temps de lecture\" \/>\n\t<meta name=\"twitter:data1\" content=\"1 minute\" \/>\n<script type=\"application\/ld+json\" class=\"yoast-schema-graph\">{\"@context\":\"https:\/\/schema.org\",\"@graph\":[{\"@type\":\"WebPage\",\"@id\":\"\/?page_id=3158\",\"url\":\"\/?page_id=3158\",\"name\":\"\u00c0 Propos - Multi-Gestion H\u00e9bert\",\"isPartOf\":{\"@id\":\"\/#website\"},\"datePublished\":\"2017-02-08T14:49:01+00:00\",\"dateModified\":\"2017-05-08T12:34:49+00:00\",\"breadcrumb\":{\"@id\":\"\/?page_id=3158#breadcrumb\"},\"inLanguage\":\"fr-CA\",\"potentialAction\":[{\"@type\":\"ReadAction\",\"target\":[\"\/?page_id=3158\"]}]},{\"@type\":\"BreadcrumbList\",\"@id\":\"\/?page_id=3158#breadcrumb\",\"itemListElement\":[{\"@type\":\"ListItem\",\"position\":1,\"name\":\"Home\",\"item\":\"\/\"},{\"@type\":\"ListItem\",\"position\":2,\"name\":\"\u00c0 Propos\"}]},{\"@type\":\"WebSite\",\"@id\":\"\/#website\",\"url\":\"\/\",\"name\":\"Multi-Gestion H\u00e9bert\",\"description\":\"Gestion Immobili\u00e8re\",\"potentialAction\":[{\"@type\":\"SearchAction\",\"target\":{\"@type\":\"EntryPoint\",\"urlTemplate\":\"\/?s={search_term_string}\"},\"query-input\":\"required name=search_term_string\"}],\"inLanguage\":\"fr-CA\"}]}<\/script>\n<!-- \/ Yoast SEO plugin. -->","yoast_head_json":{"title":"\u00c0 Propos - Multi-Gestion H\u00e9bert","robots":{"index":"index","follow":"follow","max-snippet":"max-snippet:-1","max-image-preview":"max-image-preview:large","max-video-preview":"max-video-preview:-1"},"canonical":"\/?page_id=3158","og_locale":"fr_CA","og_type":"article","og_title":"\u00c0 Propos - Multi-Gestion H\u00e9bert","og_description":"[vc_row][vc_column][vc_empty_space height=\u00a0\u00bb50px\u00a0\u00bb][\/vc_column][\/vc_row][vc_row][vc_column width=\u00a0\u00bb1\/2&Prime;][vc_column_text]Multi-Gestion H\u00e9bert et Fils Inc. est une entreprise \u00e9mergente dans le domaine de l\u2019immobilier locatif \u00e0 Qu\u00e9bec. \u00c9tant une entreprise familiale, nous g\u00e9rons tous nos immeubles avec fiert\u00e9 et attention. L\u2019entretien de nos immeubles est effectu\u00e9 par un personnel d\u00e9vou\u00e9, disponible en tout temps pour r\u00e9pondre \u00e0 vos besoins. Notre \u00e9quipe de gestion [&hellip;]","og_url":"\/?page_id=3158","og_site_name":"Multi-Gestion H\u00e9bert","article_modified_time":"2017-05-08T12:34:49+00:00","twitter_card":"summary","twitter_misc":{"Estimation du temps de lecture":"1 minute"},"schema":{"@context":"https:\/\/schema.org","@graph":[{"@type":"WebPage","@id":"\/?page_id=3158","url":"\/?page_id=3158","name":"\u00c0 Propos - Multi-Gestion H\u00e9bert","isPartOf":{"@id":"\/#website"},"datePublished":"2017-02-08T14:49:01+00:00","dateModified":"2017-05-08T12:34:49+00:00","breadcrumb":{"@id":"\/?page_id=3158#breadcrumb"},"inLanguage":"fr-CA","potentialAction":[{"@type":"ReadAction","target":["\/?page_id=3158"]}]},{"@type":"BreadcrumbList","@id":"\/?page_id=3158#breadcrumb","itemListElement":[{"@type":"ListItem","position":1,"name":"Home","item":"\/"},{"@type":"ListItem","position":2,"name":"\u00c0 Propos"}]},{"@type":"WebSite","@id":"\/#website","url":"\/","name":"Multi-Gestion H\u00e9bert","description":"Gestion Immobili\u00e8re","potentialAction":[{"@type":"SearchAction","target":{"@type":"EntryPoint","urlTemplate":"\/?s={search_term_string}"},"query-input":"required name=search_term_string"}],"inLanguage":"fr-CA"}]}},"_links":{"self":[{"href":"\/index.php?rest_route=\/wp\/v2\/pages\/3158","targetHints":{"allow":["GET"]}}],"collection":[{"href":"\/index.php?rest_route=\/wp\/v2\/pages"}],"about":[{"href":"\/index.php?rest_route=\/wp\/v2\/types\/page"}],"author":[{"embeddable":true,"href":"\/index.php?rest_route=\/wp\/v2\/users\/1"}],"replies":[{"embeddable":true,"href":"\/index.php?rest_route=%2Fwp%2Fv2%2Fcomments&post=3158"}],"version-history":[{"count":33,"href":"\/index.php?rest_route=\/wp\/v2\/pages\/3158\/revisions"}],"predecessor-version":[{"id":3888,"href":"\/index.php?rest_route=\/wp\/v2\/pages\/3158\/revisions\/3888"}],"wp:attachment":[{"href":"\/index.php?rest_route=%2Fwp%2Fv2%2Fmedia&parent=3158"}],"curies":[{"name":"wp","href":"https:\/\/api.w.org\/{rel}","templated":true}]}}